{"id":17,"date":"2018-07-23T16:12:00","date_gmt":"2018-07-23T14:12:00","guid":{"rendered":"http:\/\/energetique.me\/?page_id=17"},"modified":"2024-08-17T11:26:25","modified_gmt":"2024-08-17T09:26:25","slug":"a-propos-page","status":"publish","type":"page","link":"https:\/\/www.energetique.me\/index.php\/a-propos-page\/","title":{"rendered":"Qui suis-je ?"},"content":{"rendered":"<p><img loading=\"lazy\" decoding=\"async\" class=\"alignnone size-medium wp-image-193\" src=\"http:\/\/www.energetique.me\/wp-content\/uploads\/2020\/02\/IMG_2701-249x300.jpeg\" alt=\"\" width=\"249\" height=\"300\" srcset=\"https:\/\/www.energetique.me\/wp-content\/uploads\/2020\/02\/IMG_2701-249x300.jpeg 249w, https:\/\/www.energetique.me\/wp-content\/uploads\/2020\/02\/IMG_2701-768x926.jpeg 768w, https:\/\/www.energetique.me\/wp-content\/uploads\/2020\/02\/IMG_2701-849x1024.jpeg 849w, https:\/\/www.energetique.me\/wp-content\/uploads\/2020\/02\/IMG_2701.jpeg 1475w\" sizes=\"auto, (max-width: 249px) 100vw, 249px\" \/><\/p>\n<p><strong>Alexandra LE BEHEREC, Bio-\u00e9nerg\u00e9ticienne \u00e0 Rennes<\/strong><\/p>\n<p>Je suis originaire de Nouvelle-Cal\u00e9donie. Je suis install\u00e9e en Bretagne \u00e0 Rennes depuis de nombreuses ann\u00e9es avec mon \u00e9poux et mes enfants.<\/p>\n<p>Depuis ma plus tendre enfance, je poss\u00e8de des capacit\u00e9s de perceptions et de ressentis au contact des personnes et des animaux que je rencontre. Cela est peut-\u00eatre d\u00fb \u00e0 mon handicap visuel !<\/p>\n<p>J\u2019ai eu le bonheur de rencontrer une magn\u00e9tiseuse qui a su percevoir cette sensibilit\u00e9 et qui m\u2019a guid\u00e9e et accompagn\u00e9e.<\/p>\n<p>Par la suite j\u2019ai pris des cours de tai-chi chuan, puis d\u00e9riv\u00e9 vers le QI Gong, pour finalement faire une formation d\u2019initiation en \u00e9nerg\u00e9tique chinoise.<\/p>\n<p>Souhaitant approfondir cette pratique, j\u2019ai entam\u00e9 un cycle de formation en ost\u00e9opathie fluidique bas\u00e9e sur l\u2019\u00e9coute du Mouvement Respiratoire Primaire (MRP) et en \u00e9nerg\u00e9tique chinoise.<\/p>\n<p>J\u2019ai r\u00e9alis\u00e9 des formations sp\u00e9cialis\u00e9es en massage Tui Na (adultes, p\u00e9diatrique, embryologie, femme enceinte) ainsi que des formations en bio-\u00e9nergie.<\/p>\n<p>Dans le domaine des animaux. J\u2019ai aussi fait des formations en communication animale pour mettre des mots sur des ressentis que j\u2019avais depuis l\u2019enfance.<\/p>\n<p>Dans le cadre de mon activit\u00e9 b\u00e9n\u00e9vole d\u2019accompagnement en fin de vie et deuil, j\u2019ai \u00e9galement \u00e9t\u00e9 form\u00e9e en thanatologie, \u00e0 l\u2019\u00e9coute centr\u00e9e sur la personne et en communication \u00e9motionnelle.<\/p>\n<p>Tout au long de ces multiples formations, j\u2019ai poursuivi un travail personnel sur la lib\u00e9ration des \u00e9motions qui nous encombrent. Cela me permet d\u2019avancer avec beaucoup plus de s\u00e9r\u00e9nit\u00e9.<\/p>\n<p>C\u2019est un r\u00e9el plaisir pour moi d\u2019\u00eatre dans l\u2019accompagnement ! Si vous le souhaitez, nous travaillerons ensemble afin de vous permettre de d\u00e9couvrir vos propres ressources int\u00e9rieures. Ces ressources qui sont pour moi des tr\u00e9sors, des clefs qui nous permettent d\u2019accueillir la vie avec plus de simplicit\u00e9 et de l\u00e9g\u00e8ret\u00e9 en chaque instant.<\/p>\n","protected":false},"excerpt":{"rendered":"<p>Alexandra LE BEHEREC, Bio-\u00e9nerg\u00e9ticienne \u00e0 Rennes Je suis originaire de Nouvelle-Cal\u00e9donie. Je suis install\u00e9e en Bretagne \u00e0 Rennes depuis de nombreuses ann\u00e9es avec mon \u00e9poux et mes enfants. Depuis ma plus tendre enfance, je poss\u00e8de des capacit\u00e9s de perceptions et de ressentis au contact des personnes et des animaux que je rencontre. Cela est peut-\u00eatre &hellip; <\/p>\n<p class=\"link-more\"><a href=\"https:\/\/www.energetique.me\/index.php\/a-propos-page\/\" class=\"more-link\">Continuer la lecture<span class=\"screen-reader-text\"> de &laquo;&nbsp;Qui suis-je ?&nbsp;&raquo;<\/span><\/a><\/p>\n","protected":false},"author":1,"featured_media":0,"parent":0,"menu_order":0,"comment_status":"closed","ping_status":"closed","template":"","meta":{"footnotes":""},"class_list":["post-17","page","type-page","status-publish","hentry"],"_links":{"self":[{"href":"https:\/\/www.energetique.me\/index.php\/wp-json\/wp\/v2\/pages\/17","targetHints":{"allow":["GET"]}}],"collection":[{"href":"https:\/\/www.energetique.me\/index.php\/wp-json\/wp\/v2\/pages"}],"about":[{"href":"https:\/\/www.energetique.me\/index.php\/wp-json\/wp\/v2\/types\/page"}],"author":[{"embeddable":true,"href":"https:\/\/www.energetique.me\/index.php\/wp-json\/wp\/v2\/users\/1"}],"replies":[{"embeddable":true,"href":"https:\/\/www.energetique.me\/index.php\/wp-json\/wp\/v2\/comments?post=17"}],"version-history":[{"count":26,"href":"https:\/\/www.energetique.me\/index.php\/wp-json\/wp\/v2\/pages\/17\/revisions"}],"predecessor-version":[{"id":224,"href":"https:\/\/www.energetique.me\/index.php\/wp-json\/wp\/v2\/pages\/17\/revisions\/224"}],"wp:attachment":[{"href":"https:\/\/www.energetique.me\/index.php\/wp-json\/wp\/v2\/media?parent=17"}],"curies":[{"name":"wp","href":"https:\/\/api.w.org\/{rel}","templated":true}]}}